ommon factor of z and 9.
9
Suppose 15*r - 82 = 113. Calculate the greatest common divisor of 104 and r.
13
Let g = 30 - 22. Calculate the greatest common divisor of 1 and g.
1
Let u(b) = 20*b**2 + 3*b - 2. Let q be u(1). What is the highest common factor of 14 and q?
7
Let d be (-11 - -6)*8/10. Let w be 2/d*-2*-24. Let v = w - -72. What is the highest common factor of v and 12?
12
Suppose -19 - 12 = -4*d + p, 3*p = -d - 2. Suppose d*g - 2*g - 140 = 0. What is the highest common divisor of 14 and g?
14
Let x(a) = -2*a - 1. Suppose -2*d = 2*k - d + 2, 4*k + 4*d = 4. Let b be x(k). Let p be (12/b)/(2/105). Calculate the highest common factor of p and 14.
14
Let i be (-57)/(-3) + -1 + 2. Suppose -4*m - r + 58 + 7 = 0, -3*m + 44 = -4*r. Suppose 2*f - m + 0 = 0. Calculate the highest common divisor of i and f.
4
Suppose -n = -3*j + 4*j - 3, -4*n - 13 = -j. Calculate the greatest common factor of j and 25.
5
Let w(v) = -3*v + 5. Let y be w(-5). Let a(r) = r**2 + r + 2. Let l be a(0). Suppose 0*j + y = l*j. Calculate the highest common factor of 10 and j.
10
Suppose 2*c - 5*r = 39, -2*r - r = 2*c - 47. Suppose -2*q + 92 = -2*k, 2*q + q - 4*k - 140 = 0. What is the greatest common factor of c and q?
22
Let p be -5*(-5 - (6 + -4)). Calculate the highest common divisor of 5 and p.
5
Let g = -4 + 7. Suppose g*v = l - 29, 3*l + 14 = -3*v + 41. What is the greatest common factor of l and 56?
14
Let q = -108 + 144. What is the greatest common divisor of 9 and q?
9
Suppose -14*o - 368 = -1628. Let f be (-15)/4*2*-2. Calculate the greatest common factor of f and o.
15
Suppose i + 1 - 12 = 0. Calculate the greatest common divisor of 55 and i.
11
Let x(r) = r + 10. Let c be x(-7). Let l be 425/119 - c/(-7). What is the greatest common divisor of 8 and l?
4
Suppose 3*v - 52 = 38. Suppose t + v = -t. Let m = t - -21. Calculate the highest common divisor of 48 and m.
6
Suppose 5*d - 42 - 13 = 0. What is the greatest common factor of d and 22?
11
Suppose -58 = 5*v - 198. Suppose v = 3*r + r. Suppose 3*f = -4*w + 30, -f - 4*w + 5 = -w. Calculate the highest common divisor of r and f.
7
Let v(l) = -4*l**3 - 2*l**2 + 1. Let w be v(-1). Suppose w*s = -2*o + 16, -3*s - 4*o = -7 - 7. Calculate the greatest common factor of 3 and s.
3
Let r = 5 + 4. Calculate the greatest common divisor of 36 and r.
9
Let j(p) = -p**3 + 17*p**2 + 2*p - 22. Let m be j(17). Let s be ((-6)/(-8))/(4/320). What is the highest common divisor of m and s?
12
Let m be (0 + -1 - -1)/(-2). Let o(b) = m + 3 + 10*b + 1. Let i be o(5). What is the highest common divisor of i and 6?
6
Suppose -12*r = -14*r + 100. Calculate the greatest common divisor of 400 and r.
50
Suppose 0 = -2*z + 2 + 2. Suppose -z*t = -4*t + 120. What is the highest common divisor of 15 and t?
15
Let m be (-3 - -4)/((-1)/(-20)). What is the highest common divisor of 60 and m?
20
Let k be (-3)/(-12) - (-1005)/12. What is the highest common divisor of 28 and k?
28
Suppose 4*w + 3*y - 239 = -0*w, -193 = -3*w - 5*y. Let c = -4 + 9. Suppose -c*r + 15 = 0, a - 4*r + 19 = 2*a. What is the greatest common divisor of a and w?
7
Let w = 7 - 5. Suppose 4*x = -3*n + 131, w*x - 3*n - 7 = 72. Calculate the greatest common divisor of 7 and x.
7
Let m = 6 - 4. Suppose m = 3*t + 11. Let y be -1 - t - 124*-1. Calculate the greatest common divisor of 14 and y.
14
Suppose 2*d - 8 = -4*z + 3*z, -4*d = z - 18. Let a be (-4)/(-6) + 20/6. Suppose -u = -a - d. What is the greatest common factor of 27 and u?
9
Suppose 3*b - b = 2*r + 94, -3*b + 2*r + 136 = 0. Suppose -x + 4 = 2, 2*y = -5*x - 136. Let f = 136 + y. Calculate the highest common factor of f and b.
21
Suppose 0 = 5*q - 10, q + 1 + 2 = k. Let z = -14 + 19. Calculate the highest common factor of k and z.
5
Let w(b) = -b**2 + 11*b. Suppose 2 + 16 = 3*z. Let s be w(z). Calculate the greatest common factor of 10 and s.
10
Let x(m) = -m**2 - 2*m + 89. Let b be x(0). Let w = -14 + b. What is the highest common factor of 30 and w?
15
Suppose 5*m - 3*z - 79 - 21 = 0, 0 = 2*m - z - 40. Calculate the highest common divisor of m and 80.
20
Suppose -3*t + 4*d + 6 = -22, -25 = -5*d. Suppose -3*q = -5*o + 191, -7*o + 3*o + 148 = -4*q. Calculate the highest common divisor of t and o.
8
Suppose -5*s = 5*y - 25, 0 + 2 = -5*y + 4*s. Suppose -u + 5 = 4*k, k + 8 = 2*u - y. Let a = u - 1. Calculate the greatest common divisor of 16 and a.
4
Let j(x) = x**3 + 6*x**2 - 6*x + 8. Suppose c = -0*c - 7. Let k be j(c). What is the greatest common factor of k and 2?
1
Suppose b + 214 + 18 = -4*y, 5*y + 4*b + 301 = 0. Let g = y - -120. Calculate the greatest common factor of 9 and g.
9
Suppose -5*c - m + 38 = -0*m, -5*m - 10 = 0. Calculate the highest common factor of 2 and c.
2
Suppose h + 0*q + 4*q = 27, 67 = 3*h - 2*q. Calculate the greatest common factor of h and 161.
23
Suppose -g + 144 = 3*d, -4*d + 5*g + 144 = -d. Calculate the greatest common divisor of d and 12.
12
Let v = 10 + -12. Let x(r) = -14*r - 2. Let k be x(v). What is the highest common factor of 104 and k?
26
Suppose -k = -2*k + 3. Suppose 5*s = -k*j + 338, 0 = 2*j + 3 + 5. Calculate the greatest common factor of s and 10.
10
Let c be 1/(-3) - (-28)/3. Suppose -c = 3*i - 30. Calculate the greatest common divisor of 56 and i.
7
Suppose -489 = -3*i + 351. What is the greatest common divisor of 40 and i?
40
Let o be (-42)/(-10) + 6 - 1/5. Suppose 6*k = 2*k + 440. Calculate the greatest common divisor of o and k.
10
Suppose 4*v = -s + 2*s + 15, -2*v = 4*s - 30. Suppose 19 + 11 = 2*w. What is the greatest common factor of v and w?
5
Let r = 60 - 45. Calculate the greatest common factor of r and 3.
3
Let o(h) = -26*h - 26. Let n be o(-8). Calculate the greatest common divisor of n and 14.
14
Suppose 4*q - 4*n - 164 = 0, 3*q - 127 = 3*n + 2*n. What is the highest common factor of 26 and q?
13
Let r(f) be the second derivative of -f**3/3 + 13*f**2/2 + 5*f. Let h be r(0). What is the highest common factor of 39 and h?
13
Let j be (-6)/(-21) + (-19)/(-7). Suppose 12 = j*r - 9. Let m(u) = -12*u - 4. Let x be m(-5). Calculate the highest common factor of x and r.
7
Let v(f) = -3*f**3 - f + 2. Let r(k) = 10*k**3 - k**2 + 4*k - 7. Let a(o) = -2*r(o) - 7*v(o). Let d be a(2). Calculate the greatest common divisor of d and 70.
14
Let z(w) = -w**3 - 6*w**2 - 6*w + 7. Let i = -9 - -2. Let o = -12 - i. Let m be z(o). Calculate the highest common divisor of m and 6.
6
Let j = -10 + 18. Suppose 0 = -4*s + 34 - 2. What is the highest common divisor of s and j?
8
Suppose x = -2*g + 200, -2*g = -0*g - 4*x - 190. What is the highest common divisor of 11 and g?
11
Suppose 2*o + v - 3*v = 12, 0 = -4*o - 3*v + 3. Suppose h - 42 = -6*h. Calculate the greatest common factor of h and o.
3
Suppose 2*o - 34 = -2*g, -o + g + 3*g + 12 = 0. Calculate the highest common divisor of 12 and o.
4
Let q be (-1 - -4)*10/6. Suppose 0*b = -u - 2*b + 68, 0 = -u - q*b + 71. What is the highest common divisor of 6 and u?
6
Suppose 2*t - 4 = 4. Suppose t*m - 390 = -2*z, 4*z + 222 - 2 = 2*m. What is the greatest common divisor of 20 and m?
20
Let z(a) = a**2 - 2*a - 3. Let q be z(3). Suppose 2*l - 3*l - 4 = q, 12 = 4*c - 4*l. Let w be 0 + -1 - c - -12. What is the greatest common factor of w and 108?
12
Suppose 0 = 4*c - 0*c - 28. Suppose j - c = -0. Let n be 1 + j - 15/5. Calculate the greatest common factor of 10 and n.
5
Let t = 11 + -6. Let o(j) = -j**3 + 6*j**2 - 5*j + 2. Let n be o(t). Suppose -z - 14 = -n*z. Calculate the highest common factor of 42 and z.
14
Suppose 3 = 2*p + 1. Let h be (-30)/4*-2*p. Let m(c) = -c**3 + 9*c**2 - 9*c + 10. Let x be m(7). What is the greatest common factor of x and h?
15
Let m(i) = 7*i**3 - 2. Let a be m(-2). Let j = a - -88. Calculate the highest common divisor of 10 and j.
10
Let w be (-2)/4 + 486/4. Suppose -3*z - 1 = -7. Suppose -32 + 10 = -z*a. Calculate the highest common factor of a and w.
11
Suppose 0 = -6*y + 10 + 8. Suppose 4*m - 4*r = 324, y*m - 5*r - 238 = -7*r. What is the greatest common divisor of 10 and m?
10
Let o(z) be the third derivative of z**5/30 + z**4/24 - 2*z**3/3 + 18*z**2. Let w = 5 - 8. Let g be o(w). What is the highest common factor of g and 55?
11
Let q be (18/4)/(3/(-4)). Let f be 4/q*-3 + 26. Calculate the highest common divisor o